{"id":3,"date":"2023-08-01T10:38:08","date_gmt":"2023-08-01T08:38:08","guid":{"rendered":"https:\/\/iluzionist.com\/?page_id=3"},"modified":"2023-08-01T10:54:29","modified_gmt":"2023-08-01T08:54:29","slug":"pravila-privatnosti","status":"publish","type":"page","link":"https:\/\/iluzionist.com\/index.php\/pravila-privatnosti\/","title":{"rendered":"Pravila privatnosti"},"content":{"rendered":"<h2 class=\"wp-block-heading\">Tko smo mi<\/h2><p><strong class=\"privacy-policy-tutorial\">Predlo\u017eeni tekst: <\/strong>Adresa na\u0161e web-stranice je: https:\/\/iluzionist.com.<\/p><h2 class=\"wp-block-heading\">Komentari<\/h2><p><strong class=\"privacy-policy-tutorial\">Predlo\u017eeni tekst: <\/strong>Kada posjetitelji napi\u0161u komentar na web-stranici mi prikupljamo podatke prikazane u formi komentara, i tako\u0111er IP adresu posjetitelja kao i string korisni\u010dkog agenta preglednika kako lak\u0161e detektirali spam.<\/p><p>Mogu\u0107e je da je anonimiziran string kreiran iz va\u0161e adrese e-po\u0161te (koji se tako\u0111er zove hash) dostavljen Gravatar servisu kako bismo provjerili koristite li ga. Pravila privatnosti Gravatar servisa dostupna su ovdje: https:\/\/automattic.com\/privacy\/. Nakon odobrenja va\u0161eg komentara, va\u0161a profilna slika je javno vidljiva u kontekstu va\u0161eg komentara.<\/p><h2 class=\"wp-block-heading\">Medij<\/h2><p><strong class=\"privacy-policy-tutorial\">Predlo\u017eeni tekst: <\/strong>Ako prenesete sliku na web-stranicu, trebali biste izbjegavati prijenos slika koje imaju ugra\u0111ene podatke o lokaciji (EXIF GPS). Posjetitelji web-stranice mogu ih preuzeti i izdvojiti bilo koje podatke o lokaciji iz slika s web-stranice.<\/p><h2 class=\"wp-block-heading\">Kola\u010di\u0107i<\/h2><p><strong class=\"privacy-policy-tutorial\">Predlo\u017eeni tekst: <\/strong>Ako napi\u0161ete komentar na na\u0161oj web-stranici, mo\u017eete odabrati spremanje imena, adrese e-po\u0161te i web-stranice u kola\u010di\u0107e. To vam olak\u0161ava ponovno komentiranje, da ne morate ponovno unositi te informacije. Ovi kola\u010di\u0107i traju godinu dana.<\/p><p>Ako posjetite na\u0161u stranicu za prijavu, postavit \u0107emo privremeni kola\u010di\u0107 kako bismo utvrdili prihva\u0107a li va\u0161 preglednik kola\u010di\u0107e. Ovaj kola\u010di\u0107 ne sadr\u017ei osobne podatke i bri\u0161e se kada ugasite preglednik.<\/p><p>Kada se prijavite, postavit \u0107emo nekoliko kola\u010di\u0107a kako bismo sa\u010duvali va\u0161e podatke o prijavi i va\u0161e postavke zaslona. Kola\u010di\u0107i prijave traju dva dana, a kola\u010di\u0107i postavki zaslona traju godinu dana. Ako odaberete &quot;Zapamti me&quot;, va\u0161a prijava \u0107e trajati dva tjedna. Ako se odjavite s ra\u010duna, kola\u010di\u0107i prijave bit \u0107e uklonjeni.<\/p><p>Ako uredite ili objavite \u010dlanak, dodatni kola\u010di\u0107 \u0107e biti spremljen u va\u0161em pregledniku. Ovaj kola\u010di\u0107 ne sadr\u017ei osobne podatke i samo ukazuje na ID objave \u010dlanka koji ste upravo uredili. Kola\u010di\u0107 istje\u010de nakon jednog dana.<\/p><h2 class=\"wp-block-heading\">Ugra\u0111eni sadr\u017eaj s drugih web-stranica<\/h2><p><strong class=\"privacy-policy-tutorial\">Predlo\u017eeni tekst: <\/strong>\u010clanci na ovoj web-stranici mogu sadr\u017eavati ugra\u0111eni sadr\u017eaj (npr. video, slike, \u010dlanke, itd.). Ugra\u0111eni sadr\u017eaj sa drugih web-stranica pona\u0161a se istovjetno kao da je posjetitelj posjetio tu drugu web-stranicu.<\/p><p>Ove web-stranice mo\u017eda prikupljaju podatke o vama, koriste kola\u010di\u0107e, imaju ugra\u0111eno dodatno pra\u0107enje od tre\u0107ih strana, i nadgledaju va\u0161u interakciju s tim ugra\u0111enim sadr\u017eajem, uklju\u010duju\u0107i pra\u0107enje va\u0161e interakcije s ugra\u0111enim sadr\u017eajem ako imate ra\u010dun i prijavljeni ste na web-stranici.<\/p><h2 class=\"wp-block-heading\">S kime dijelimo va\u0161e podatke<\/h2><p><strong class=\"privacy-policy-tutorial\">Predlo\u017eeni tekst: <\/strong>Ako zatra\u017eite ponovno postavljanje lozinke, va\u0161a IP adresa bit \u0107e uklju\u010dena u poruku e-po\u0161te za ponovno postavljanje.<\/p><h2 class=\"wp-block-heading\">Koliko dugo \u010duvamo va\u0161e podatke<\/h2><p><strong class=\"privacy-policy-tutorial\">Predlo\u017eeni tekst: <\/strong>Ako napi\u0161ete komentar, komentar i njegovi meta podaci su sa\u010duvani zauvijek. To je zato da mo\u017eemo automatski prepoznati i odobriti budu\u0107e komentare, umjesto da ih dr\u017eimo na \u010dekanju za odobrenje.<\/p><p>Za korisnike koji se registriraju na na\u0161oj web-stranici (ako ih ima), mi tako\u0111er pohranjujemo osobne podatke koje navedu u njihovim korisni\u010dkim profilima, Svi korisnici mogu vidjeti, urediti, ili obrisati svoje osobne podatke u bilo koje vrijeme ( osim \u0161to ne mogu promijeniti svoje korisni\u010dko ime). Administratori web-stranice tako\u0111er mogu vidjeti i urediti te informacije.<\/p><h2 class=\"wp-block-heading\">Koja prava imate nad svojim podacima<\/h2><p><strong class=\"privacy-policy-tutorial\">Predlo\u017eeni tekst: <\/strong>Ako imate ra\u010dun na ovoj web-stranici, ili ste pisali komentare, mo\u017eete zatra\u017eiti primanje izvozne datoteke osobnih podataka koje imamo o vama, uklju\u010duju\u0107i sve podatke koje ste nam dostavili. Tako\u0111er mo\u017eete zatra\u017eiti brisanje svih osobnih podataka koje imamo o vama. Ovo ne uklju\u010duje bilo koje podatke koje smo obavezni dr\u017eati za administrativne, pravne ili sigurnosne namjene.<\/p><h2 class=\"wp-block-heading\">Kamo se \u0161alju va\u0161i podaci<\/h2><p><strong class=\"privacy-policy-tutorial\">Predlo\u017eeni tekst: <\/strong>Komentari posjetitelja mogu se provjeriti putem automatske usluge za otkrivanje ne\u017eeljene po\u0161te.<\/p>","protected":false},"excerpt":{"rendered":"<p>Tko smo mi Predlo\u017eeni tekst: Adresa na\u0161e web-stranice je: https:\/\/iluzionist.com. Komentari Predlo\u017eeni tekst: Kada posjetitelji napi\u0161u komentar na web-stranici mi prikupljamo podatke prikazane u formi komentara, i tako\u0111er IP adresu posjetitelja kao i string korisni\u010dkog agenta preglednika kako lak\u0161e detektirali spam. Mogu\u0107e je da je anonimiziran string kreiran iz va\u0161e adrese e-po\u0161te (koji se tako\u0111er [&hellip;]<\/p>\n","protected":false},"author":1,"featured_media":0,"parent":0,"menu_order":0,"comment_status":"closed","ping_status":"open","template":"","meta":{"_et_pb_use_builder":"","_et_pb_old_content":"","_et_gb_content_width":"","footnotes":""},"class_list":["post-3","page","type-page","status-publish","hentry"],"yoast_head":"<!-- This site is optimized with the Yoast SEO Premium plugin v20.12 (Yoast SEO v20.12) - https:\/\/yoast.com\/wordpress\/plugins\/seo\/ -->\n<title>Pravila privatnosti - Zagreb Magic Event<\/title>\n<meta name=\"robots\" content=\"index, follow, max-snippet:-1, max-image-preview:large, max-video-preview:-1\" \/>\n<link rel=\"canonical\" href=\"https:\/\/iluzionist.com\/index.php\/pravila-privatnosti\/\" \/>\n<meta property=\"og:locale\" content=\"hr_HR\" \/>\n<meta property=\"og:type\" content=\"article\" \/>\n<meta property=\"og:title\" content=\"Pravila privatnosti\" \/>\n<meta property=\"og:description\" content=\"Tko smo mi Predlo\u017eeni tekst: Adresa na\u0161e web-stranice je: https:\/\/iluzionist.com. Komentari Predlo\u017eeni tekst: Kada posjetitelji napi\u0161u komentar na web-stranici mi prikupljamo podatke prikazane u formi komentara, i tako\u0111er IP adresu posjetitelja kao i string korisni\u010dkog agenta preglednika kako lak\u0161e detektirali spam. Mogu\u0107e je da je anonimiziran string kreiran iz va\u0161e adrese e-po\u0161te (koji se tako\u0111er [&hellip;]\" \/>\n<meta property=\"og:url\" content=\"https:\/\/iluzionist.com\/index.php\/pravila-privatnosti\/\" \/>\n<meta property=\"og:site_name\" content=\"Zagreb Magic Event\" \/>\n<meta property=\"article:modified_time\" content=\"2023-08-01T08:54:29+00:00\" \/>\n<meta property=\"og:image\" content=\"https:\/\/iluzionist.com\/wp-content\/uploads\/2023\/08\/Logo.webp\" \/>\n\t<meta property=\"og:image:width\" content=\"1024\" \/>\n\t<meta property=\"og:image:height\" content=\"1024\" \/>\n\t<meta property=\"og:image:type\" content=\"image\/webp\" \/>\n<script type=\"application\/ld+json\" class=\"yoast-schema-graph\">{\"@context\":\"https:\/\/schema.org\",\"@graph\":[{\"@type\":\"WebPage\",\"@id\":\"https:\/\/iluzionist.com\/index.php\/pravila-privatnosti\/\",\"url\":\"https:\/\/iluzionist.com\/index.php\/pravila-privatnosti\/\",\"name\":\"Pravila privatnosti - Zagreb Magic Event\",\"isPartOf\":{\"@id\":\"https:\/\/iluzionist.com\/#website\"},\"datePublished\":\"2023-08-01T08:38:08+00:00\",\"dateModified\":\"2023-08-01T08:54:29+00:00\",\"breadcrumb\":{\"@id\":\"https:\/\/iluzionist.com\/index.php\/pravila-privatnosti\/#breadcrumb\"},\"inLanguage\":\"hr\",\"potentialAction\":[{\"@type\":\"ReadAction\",\"target\":[\"https:\/\/iluzionist.com\/index.php\/pravila-privatnosti\/\"]}]},{\"@type\":\"BreadcrumbList\",\"@id\":\"https:\/\/iluzionist.com\/index.php\/pravila-privatnosti\/#breadcrumb\",\"itemListElement\":[{\"@type\":\"ListItem\",\"position\":1,\"name\":\"Home\",\"item\":\"https:\/\/iluzionist.com\/\"},{\"@type\":\"ListItem\",\"position\":2,\"name\":\"Pravila privatnosti\"}]},{\"@type\":\"WebSite\",\"@id\":\"https:\/\/iluzionist.com\/#website\",\"url\":\"https:\/\/iluzionist.com\/\",\"name\":\"Zagreb Magic Event\",\"description\":\"Magic Weekend in Zagreb 2014\",\"publisher\":{\"@id\":\"https:\/\/iluzionist.com\/#\/schema\/person\/fd9304aa85bdf1a9f30c9b3f56579795\"},\"potentialAction\":[{\"@type\":\"SearchAction\",\"target\":{\"@type\":\"EntryPoint\",\"urlTemplate\":\"https:\/\/iluzionist.com\/?s={search_term_string}\"},\"query-input\":\"required name=search_term_string\"}],\"inLanguage\":\"hr\"},{\"@type\":[\"Person\",\"Organization\"],\"@id\":\"https:\/\/iluzionist.com\/#\/schema\/person\/fd9304aa85bdf1a9f30c9b3f56579795\",\"name\":\"ZagrebMagicEvent2014\",\"image\":{\"@type\":\"ImageObject\",\"inLanguage\":\"hr\",\"@id\":\"https:\/\/iluzionist.com\/#\/schema\/person\/image\/\",\"url\":\"https:\/\/iluzionist.com\/wp-content\/uploads\/2023\/08\/Logo.webp\",\"contentUrl\":\"https:\/\/iluzionist.com\/wp-content\/uploads\/2023\/08\/Logo.webp\",\"width\":1024,\"height\":1024,\"caption\":\"ZagrebMagicEvent2014\"},\"logo\":{\"@id\":\"https:\/\/iluzionist.com\/#\/schema\/person\/image\/\"},\"sameAs\":[\"https:\/\/iluzionist.com\"]}]}<\/script>\n<!-- \/ Yoast SEO Premium plugin. -->","yoast_head_json":{"title":"Pravila privatnosti - Zagreb Magic Event","robots":{"index":"index","follow":"follow","max-snippet":"max-snippet:-1","max-image-preview":"max-image-preview:large","max-video-preview":"max-video-preview:-1"},"canonical":"https:\/\/iluzionist.com\/index.php\/pravila-privatnosti\/","og_locale":"hr_HR","og_type":"article","og_title":"Pravila privatnosti","og_description":"Tko smo mi Predlo\u017eeni tekst: Adresa na\u0161e web-stranice je: https:\/\/iluzionist.com. Komentari Predlo\u017eeni tekst: Kada posjetitelji napi\u0161u komentar na web-stranici mi prikupljamo podatke prikazane u formi komentara, i tako\u0111er IP adresu posjetitelja kao i string korisni\u010dkog agenta preglednika kako lak\u0161e detektirali spam. Mogu\u0107e je da je anonimiziran string kreiran iz va\u0161e adrese e-po\u0161te (koji se tako\u0111er [&hellip;]","og_url":"https:\/\/iluzionist.com\/index.php\/pravila-privatnosti\/","og_site_name":"Zagreb Magic Event","article_modified_time":"2023-08-01T08:54:29+00:00","og_image":[{"width":1024,"height":1024,"url":"https:\/\/iluzionist.com\/wp-content\/uploads\/2023\/08\/Logo.webp","type":"image\/webp"}],"schema":{"@context":"https:\/\/schema.org","@graph":[{"@type":"WebPage","@id":"https:\/\/iluzionist.com\/index.php\/pravila-privatnosti\/","url":"https:\/\/iluzionist.com\/index.php\/pravila-privatnosti\/","name":"Pravila privatnosti - Zagreb Magic Event","isPartOf":{"@id":"https:\/\/iluzionist.com\/#website"},"datePublished":"2023-08-01T08:38:08+00:00","dateModified":"2023-08-01T08:54:29+00:00","breadcrumb":{"@id":"https:\/\/iluzionist.com\/index.php\/pravila-privatnosti\/#breadcrumb"},"inLanguage":"hr","potentialAction":[{"@type":"ReadAction","target":["https:\/\/iluzionist.com\/index.php\/pravila-privatnosti\/"]}]},{"@type":"BreadcrumbList","@id":"https:\/\/iluzionist.com\/index.php\/pravila-privatnosti\/#breadcrumb","itemListElement":[{"@type":"ListItem","position":1,"name":"Home","item":"https:\/\/iluzionist.com\/"},{"@type":"ListItem","position":2,"name":"Pravila privatnosti"}]},{"@type":"WebSite","@id":"https:\/\/iluzionist.com\/#website","url":"https:\/\/iluzionist.com\/","name":"Zagreb Magic Event","description":"Magic Weekend in Zagreb 2014","publisher":{"@id":"https:\/\/iluzionist.com\/#\/schema\/person\/fd9304aa85bdf1a9f30c9b3f56579795"},"potentialAction":[{"@type":"SearchAction","target":{"@type":"EntryPoint","urlTemplate":"https:\/\/iluzionist.com\/?s={search_term_string}"},"query-input":"required name=search_term_string"}],"inLanguage":"hr"},{"@type":["Person","Organization"],"@id":"https:\/\/iluzionist.com\/#\/schema\/person\/fd9304aa85bdf1a9f30c9b3f56579795","name":"ZagrebMagicEvent2014","image":{"@type":"ImageObject","inLanguage":"hr","@id":"https:\/\/iluzionist.com\/#\/schema\/person\/image\/","url":"https:\/\/iluzionist.com\/wp-content\/uploads\/2023\/08\/Logo.webp","contentUrl":"https:\/\/iluzionist.com\/wp-content\/uploads\/2023\/08\/Logo.webp","width":1024,"height":1024,"caption":"ZagrebMagicEvent2014"},"logo":{"@id":"https:\/\/iluzionist.com\/#\/schema\/person\/image\/"},"sameAs":["https:\/\/iluzionist.com"]}]}},"_links":{"self":[{"href":"https:\/\/iluzionist.com\/index.php\/wp-json\/wp\/v2\/pages\/3","targetHints":{"allow":["GET"]}}],"collection":[{"href":"https:\/\/iluzionist.com\/index.php\/wp-json\/wp\/v2\/pages"}],"about":[{"href":"https:\/\/iluzionist.com\/index.php\/wp-json\/wp\/v2\/types\/page"}],"author":[{"embeddable":true,"href":"https:\/\/iluzionist.com\/index.php\/wp-json\/wp\/v2\/users\/1"}],"replies":[{"embeddable":true,"href":"https:\/\/iluzionist.com\/index.php\/wp-json\/wp\/v2\/comments?post=3"}],"version-history":[{"count":1,"href":"https:\/\/iluzionist.com\/index.php\/wp-json\/wp\/v2\/pages\/3\/revisions"}],"predecessor-version":[{"id":29,"href":"https:\/\/iluzionist.com\/index.php\/wp-json\/wp\/v2\/pages\/3\/revisions\/29"}],"wp:attachment":[{"href":"https:\/\/iluzionist.com\/index.php\/wp-json\/wp\/v2\/media?parent=3"}],"curies":[{"name":"wp","href":"https:\/\/api.w.org\/{rel}","templated":true}]}}