{"id":31,"date":"2023-08-01T11:03:29","date_gmt":"2023-08-01T09:03:29","guid":{"rendered":"https:\/\/iluzionist.com\/?page_id=31"},"modified":"2025-09-14T12:57:22","modified_gmt":"2025-09-14T10:57:22","slug":"zagreb-magic-event-2014","status":"publish","type":"page","link":"https:\/\/iluzionist.com\/","title":{"rendered":"Zagreb Magic Event 2014"},"content":{"rendered":"<p>[et_pb_section fb_built=&#8221;1&#8243; fullwidth=&#8221;on&#8221; _builder_version=&#8221;4.21.0&#8243; _module_preset=&#8221;default&#8221; global_colors_info=&#8221;{}&#8221;][et_pb_fullwidth_image src=&#8221;https:\/\/iluzionist.com\/wp-content\/uploads\/2023\/08\/splash.webp&#8221; alt=&#8221;Zagreb Magic Event 2014&#8243; title_text=&#8221;Zagreb Magic Event 2014&#8243; _builder_version=&#8221;4.21.0&#8243; _module_preset=&#8221;default&#8221; module_alignment=&#8221;center&#8221; global_colors_info=&#8221;{}&#8221;][\/et_pb_fullwidth_image][et_pb_fullwidth_header title=&#8221;ZAGREB MAGIC EVENT 2014&#8243; header_fullscreen=&#8221;on&#8221; _builder_version=&#8221;4.23.1&#8243; _module_preset=&#8221;default&#8221; title_font=&#8221;||on||||||&#8221; title_text_align=&#8221;center&#8221; content_link_text_color=&#8221;#EDF000&#8243; background_enable_color=&#8221;off&#8221; use_background_color_gradient=&#8221;on&#8221; background_color_gradient_type=&#8221;elliptical&#8221; background_color_gradient_stops=&#8221;#e02b20 47%|#000000 100%&#8221; global_colors_info=&#8221;{}&#8221;]<\/p>\n<p>Vikend ma\u0111ioni\u010dara u Zagrebu 2014 godine odr\u017ean je doga\u0111aj stvoren prvi puta nakon 2001 godine od zadnjeg sli\u010dnog doga\u0111aja u metropoli Hrvatske. Organizator i pokrovitelj ma\u0111ioni\u010dar Vladimir \u0160timac d.o.o..<\/p>\n<blockquote>\n<p style=\"text-align: center;\"><a href=\"#predavaci\">\ud83d\udd0e Predava\u010di ma\u0111ioni\u010darske umjetnosti<\/a><a href=\"#oprema\">\ud83d\udd0e Izlo\u017eba ma\u0111ioni\u010darske opreme<\/a><a href=\"#ziri\">\ud83d\udd0e \u017diri<\/a> <a href=\"#rezultati\">\ud83d\udd0e Rezultati natjecanja<\/a> <a href=\"#gosti\">\ud83d\udd0e Gosti na Gala show<\/a><a href=\"#zahvala\">\ud83d\udd0e Zahvala organizatora<\/a><\/p>\n<\/blockquote>\n<p>Vikend ma\u0111ioni\u010dara u Zagrebu 2014 povijesno je doga\u0111anje u karijeri ma\u0111ioni\u010dara. Vi\u0161e od 50 gostiju proveli su predivan dan na ovom doga\u0111anju koje je ugostilo najeminentnija imena iz svijeta iluzionizma iz cijele Europe. Lokacija hotel Antunovi\u0107 Zagreb. Odr\u017eala su se tri velika predavanja s kulminacijom najo\u010dekivanijeg gosta iz Velike Britanije gospodina Michael Vincenta koji je predstavio nevjerojatne trikove koji su u zatvorenom krugu ljudi bili obja\u0161njeni.<\/p>\n<blockquote>\n<p>Cilj ovog doga\u0111anja bila je promocija i prezentacija ma\u0111ioni\u010darske umjetnosti pod generalnim pokroviteljstvom ma\u0111ioni\u010dara Vladimira \u0160timca, ujedno vlasnika licence Zagreb magic eventa. Spomenut \u0107emo jo\u0161 neke vrlo bitne ljude koji su svojim dolaskom u\u010dinili ovo doga\u0111anje nesvakida\u0161njim.<\/p>\n<\/blockquote>\n<p>[\/et_pb_fullwidth_header][\/et_pb_section][et_pb_section fb_built=&#8221;1&#8243; _builder_version=&#8221;4.21.0&#8243; _module_preset=&#8221;default&#8221; use_background_color_gradient=&#8221;on&#8221; background_color_gradient_type=&#8221;elliptical&#8221; background_color_gradient_stops=&#8221;#000000 0%|#e02b20 100%&#8221; global_colors_info=&#8221;{}&#8221;][et_pb_row _builder_version=&#8221;4.21.0&#8243; _module_preset=&#8221;default&#8221; global_colors_info=&#8221;{}&#8221;][et_pb_column type=&#8221;4_4&#8243; _builder_version=&#8221;4.21.0&#8243; _module_preset=&#8221;default&#8221; global_colors_info=&#8221;{}&#8221;][et_pb_text admin_label=&#8221;Predava\u010di ma\u0111ioni\u010darske umjetnosti&#8221; module_id=&#8221;predavaci&#8221; _builder_version=&#8221;4.21.0&#8243; _module_preset=&#8221;default&#8221; text_text_color=&#8221;#FFFFFF&#8221; header_font=&#8221;|600|||||||&#8221; header_text_align=&#8221;center&#8221; header_text_color=&#8221;#EDF000&#8243; global_colors_info=&#8221;{}&#8221;]<\/p>\n<h1>Predava\u010di ma\u0111ioni\u010darske umjetnosti:<\/h1>\n<p>Gogo Requiem iz Makedonije<\/p>\n<p>Marko Makaj iz Hrvatske<\/p>\n<p>Michael Vincent iz Velike Britanije<\/p>\n<p>[\/et_pb_text][et_pb_text admin_label=&#8221;Gosti zavr\u0161nog Gala show&#8221; module_id=&#8221;gosti&#8221; _builder_version=&#8221;4.21.0&#8243; _module_preset=&#8221;default&#8221; text_text_color=&#8221;#FFFFFF&#8221; header_font=&#8221;|600|||||||&#8221; header_text_align=&#8221;center&#8221; header_text_color=&#8221;#EDF000&#8243; global_colors_info=&#8221;{}&#8221;]<\/p>\n<h1>Gosti zavr\u0161nog Gala show:<\/h1>\n<p>Zrno Bibera (HR)<\/p>\n<p>Luka Vidovi\u0107 (HR)<\/p>\n<p>Grifony (Srbija)<\/p>\n<p>Piksi i Zeka (Srbija)<\/p>\n<p>Gogo Requiem (Makedonija)<\/p>\n<p>Rico (HR)<\/p>\n<p>Stefano (HR)<\/p>\n<p>Michael Vincent (UK)<\/p>\n<p>[\/et_pb_text][et_pb_text admin_label=&#8221;Gosti zavr\u0161nog Gala show&#8221; module_id=&#8221;oprema&#8221; _builder_version=&#8221;4.21.0&#8243; _module_preset=&#8221;default&#8221; text_text_color=&#8221;#FFFFFF&#8221; header_font=&#8221;|600|||||||&#8221; header_text_align=&#8221;center&#8221; header_text_color=&#8221;#EDF000&#8243; global_colors_info=&#8221;{}&#8221;]<\/p>\n<h1>Izlo\u017eba ma\u0111ioni\u010darske opreme:<\/h1>\n<p>Niko Fric (SLO)<\/p>\n<p>Wladimir Mikek (SLO)<\/p>\n<p>[\/et_pb_text][et_pb_text admin_label=&#8221;Slu\u017ebeni rezultati natjecanja&#8221; module_id=&#8221;rezultati&#8221; _builder_version=&#8221;4.21.0&#8243; _module_preset=&#8221;default&#8221; text_text_color=&#8221;#FFFFFF&#8221; header_font=&#8221;|600|||||||&#8221; header_text_align=&#8221;center&#8221; header_text_color=&#8221;#EDF000&#8243; global_colors_info=&#8221;{}&#8221;]<\/p>\n<h1>Slu\u017ebeni rezultati natjecanja:<\/h1>\n<p>3 . mjesto osvojio je Bla\u017e Dobravec (Slovenija)<\/p>\n<p>2. mjesto osvojio je Zlatko Brli\u0107 Brlini (Slovenija)<\/p>\n<p>1. mjesto osvojio je Timoteo Crnkovi\u0107 (Hrvatska)<\/p>\n<p>GARAND PRIX: SAM SEBASTIAN (Slovenija)<\/p>\n<p>[\/et_pb_text][et_pb_text admin_label=&#8221;\u017diri&#8221; module_id=&#8221;ziri&#8221; _builder_version=&#8221;4.21.0&#8243; _module_preset=&#8221;default&#8221; text_text_color=&#8221;#FFFFFF&#8221; header_font=&#8221;|600|||||||&#8221; header_text_align=&#8221;center&#8221; header_text_color=&#8221;#EDF000&#8243; global_colors_info=&#8221;{}&#8221;]<\/p>\n<h1>Stru\u010dni ocjenjiva\u010dki \u017eiri:<\/h1>\n<p>Dr. Janko Stipani\u010di\u0107 (HR)<br \/>g. Bojan Bari\u0161i\u0107 (HR)<br \/>Mr. Griffony (Srbija)<br \/>g. Hugo \u0160ekoranja (Slovenija)<br \/>Mr. Michael Vincent (UK)<\/p>\n<p>[\/et_pb_text][et_pb_testimonial author=&#8221;Vladimir \u0160timac&#8221; job_title=&#8221;MA\u0110IONI\u010cAR&#8221; company_name=&#8221;Magic Vladimir&#8221; portrait_url=&#8221;https:\/\/iluzionist.com\/wp-content\/uploads\/2025\/09\/Magic-Vladimir-fun.png&#8221; portrait_width=&#8221;200px&#8221; portrait_height=&#8221;200px&#8221; module_id=&#8221;zahvala&#8221; _builder_version=&#8221;4.27.4&#8243; _module_preset=&#8221;default&#8221; body_text_color=&#8221;#EDF000&#8243; author_text_color=&#8221;#FFFFFF&#8221; position_text_color=&#8221;#FFFFFF&#8221; company_text_color=&#8221;#FFFFFF&#8221; use_background_color_gradient=&#8221;on&#8221; background_color_gradient_type=&#8221;elliptical&#8221; background_color_gradient_stops=&#8221;#000000 0%|#e02b20 100%&#8221; hover_enabled=&#8221;0&#8243; box_shadow_style=&#8221;preset1&#8243; box_shadow_spread=&#8221;5px&#8221; box_shadow_color=&#8221;#FFFFFF&#8221; box_shadow_style_image=&#8221;preset1&#8243; box_shadow_spread_image=&#8221;10px&#8221; box_shadow_color_image=&#8221;#FFFFFF&#8221; global_colors_info=&#8221;{}&#8221; title_text=&#8221;Magic Vladimir fun&#8221; sticky_enabled=&#8221;0&#8243;]<\/p>\n<p>Dragi kolege i prijatelji,<\/p>\n<p>\u017delim izraziti iskrenu zahvalnost svima koji su se odazvali na\u0161em Zagreb Magic Eventu. Va\u0161 dolazak kao posjetitelja, zaljubljenika u trikove, natjecatelja ili gosta u\u010dinio je ovaj doga\u0111aj zaista posebnim i nezaboravnim.<\/p>\n<p>Va\u0161a podr\u0161ka i entuzijazam donijeli su dodatnu \u010daroliju u na\u0161u zajednicu. Bilo je predivno vidjeti kako se me\u0111usobno poti\u010dete, razmjenjujete trikove i dijelite strast prema \u010daroliji.<\/p>\n<p>Hvala vam \u0161to ste svojim prisustvom uveli\u010dali ovaj doga\u0111aj i \u0161to ste zajedno s nama stvarali nezaboravne trenutke. Va\u0161a podr\u0161ka daje nam snagu da nastavimo s organizacijom sli\u010dnih doga\u0111aja u budu\u0107nosti.<\/p>\n<p>Jo\u0161 jednom, hvala vam svima \u0161to ste bili dio na\u0161eg Zagreb Magic Eventa. Veselimo se sljede\u0107em susretu i jo\u0161 jednom \u0107emo zajedno stvarati magiju!<\/p>\n<p>S po\u0161tovanjem,<br \/>Organizator:<br \/>\u24b8 VLADIMIR \u0160TIMAC d.o.o.<br \/>Prilipje 71, Prilipje<br \/>OIB:85641012188<br \/>MB:02460513<\/p>\n<p>Hvala \u2764\ufe0f\ufe0f<\/p>\n<p>[\/et_pb_testimonial][\/et_pb_column][\/et_pb_row][\/et_pb_section]<\/p>\n","protected":false},"excerpt":{"rendered":"<p>Vikend ma\u0111ioni\u010dara u Zagrebu 2014 godine odr\u017ean je doga\u0111aj stvoren prvi puta nakon 2001 godine od zadnjeg sli\u010dnog doga\u0111aja u metropoli Hrvatske. Organizator i pokrovitelj ma\u0111ioni\u010dar Vladimir \u0160timac d.o.o.. \ud83d\udd0e Predava\u010di ma\u0111ioni\u010darske umjetnosti\ud83d\udd0e Izlo\u017eba ma\u0111ioni\u010darske opreme\ud83d\udd0e \u017diri \ud83d\udd0e Rezultati natjecanja \ud83d\udd0e Gosti na Gala show\ud83d\udd0e Zahvala organizatora Vikend ma\u0111ioni\u010dara u Zagrebu 2014 povijesno je doga\u0111anje [&hellip;]<\/p>\n","protected":false},"author":1,"featured_media":9,"parent":0,"menu_order":0,"comment_status":"closed","ping_status":"closed","template":"","meta":{"_et_pb_use_builder":"on","_et_pb_old_content":"","_et_gb_content_width":"","footnotes":""},"class_list":["post-31","page","type-page","status-publish","has-post-thumbnail","hentry"],"yoast_head":"<!-- This site is optimized with the Yoast SEO Premium plugin v20.12 (Yoast SEO v20.12) - https:\/\/yoast.com\/wordpress\/plugins\/seo\/ -->\n<title>Zagreb Magic Event 2014 - Zagreb Magic Event<\/title>\n<meta name=\"description\" content=\"Zagreb Magic Event odr\u017ean je 9. o\u017eujka u Zagrebu s ciljem promid\u017ebe i popularizacije ma\u0111ioni\u010darske umjetnosti\" \/>\n<meta name=\"robots\" content=\"index, follow, max-snippet:-1, max-image-preview:large, max-video-preview:-1\" \/>\n<link rel=\"canonical\" href=\"https:\/\/iluzionist.com\/\" \/>\n<meta property=\"og:locale\" content=\"hr_HR\" \/>\n<meta property=\"og:type\" content=\"article\" \/>\n<meta property=\"og:title\" content=\"Zagreb Magic Event 2014\" \/>\n<meta property=\"og:description\" content=\"Zagreb Magic Event odr\u017ean je 9. o\u017eujka u Zagrebu s ciljem promid\u017ebe i popularizacije ma\u0111ioni\u010darske umjetnosti\" \/>\n<meta property=\"og:url\" content=\"https:\/\/iluzionist.com\/\" \/>\n<meta property=\"og:site_name\" content=\"Zagreb Magic Event\" \/>\n<meta property=\"article:modified_time\" content=\"2025-09-14T10:57:22+00:00\" \/>\n<meta property=\"og:image\" content=\"https:\/\/iluzionist.com\/wp-content\/uploads\/2023\/08\/Logo.webp\" \/>\n\t<meta property=\"og:image:width\" content=\"1024\" \/>\n\t<meta property=\"og:image:height\" content=\"1024\" \/>\n\t<meta property=\"og:image:type\" content=\"image\/webp\" \/>\n<script type=\"application\/ld+json\" class=\"yoast-schema-graph\">{\"@context\":\"https:\/\/schema.org\",\"@graph\":[{\"@type\":\"WebPage\",\"@id\":\"https:\/\/iluzionist.com\/\",\"url\":\"https:\/\/iluzionist.com\/\",\"name\":\"Zagreb Magic Event 2014 - Zagreb Magic Event\",\"isPartOf\":{\"@id\":\"https:\/\/iluzionist.com\/#website\"},\"datePublished\":\"2023-08-01T09:03:29+00:00\",\"dateModified\":\"2025-09-14T10:57:22+00:00\",\"description\":\"Zagreb Magic Event odr\u017ean je 9. o\u017eujka u Zagrebu s ciljem promid\u017ebe i popularizacije ma\u0111ioni\u010darske umjetnosti\",\"breadcrumb\":{\"@id\":\"https:\/\/iluzionist.com\/#breadcrumb\"},\"inLanguage\":\"hr\",\"potentialAction\":[{\"@type\":\"ReadAction\",\"target\":[\"https:\/\/iluzionist.com\/\"]}]},{\"@type\":\"BreadcrumbList\",\"@id\":\"https:\/\/iluzionist.com\/#breadcrumb\",\"itemListElement\":[{\"@type\":\"ListItem\",\"position\":1,\"name\":\"Home\",\"item\":\"https:\/\/iluzionist.com\/\"},{\"@type\":\"ListItem\",\"position\":2,\"name\":\"Zagreb Magic Event 2014\"}]},{\"@type\":\"WebSite\",\"@id\":\"https:\/\/iluzionist.com\/#website\",\"url\":\"https:\/\/iluzionist.com\/\",\"name\":\"Zagreb Magic Event\",\"description\":\"Magic Weekend in Zagreb 2014\",\"publisher\":{\"@id\":\"https:\/\/iluzionist.com\/#\/schema\/person\/fd9304aa85bdf1a9f30c9b3f56579795\"},\"potentialAction\":[{\"@type\":\"SearchAction\",\"target\":{\"@type\":\"EntryPoint\",\"urlTemplate\":\"https:\/\/iluzionist.com\/?s={search_term_string}\"},\"query-input\":\"required name=search_term_string\"}],\"inLanguage\":\"hr\"},{\"@type\":[\"Person\",\"Organization\"],\"@id\":\"https:\/\/iluzionist.com\/#\/schema\/person\/fd9304aa85bdf1a9f30c9b3f56579795\",\"name\":\"ZagrebMagicEvent2014\",\"image\":{\"@type\":\"ImageObject\",\"inLanguage\":\"hr\",\"@id\":\"https:\/\/iluzionist.com\/#\/schema\/person\/image\/\",\"url\":\"https:\/\/iluzionist.com\/wp-content\/uploads\/2023\/08\/Logo.webp\",\"contentUrl\":\"https:\/\/iluzionist.com\/wp-content\/uploads\/2023\/08\/Logo.webp\",\"width\":1024,\"height\":1024,\"caption\":\"ZagrebMagicEvent2014\"},\"logo\":{\"@id\":\"https:\/\/iluzionist.com\/#\/schema\/person\/image\/\"},\"sameAs\":[\"https:\/\/iluzionist.com\"]}]}<\/script>\n<!-- \/ Yoast SEO Premium plugin. -->","yoast_head_json":{"title":"Zagreb Magic Event 2014 - Zagreb Magic Event","description":"Zagreb Magic Event odr\u017ean je 9. o\u017eujka u Zagrebu s ciljem promid\u017ebe i popularizacije ma\u0111ioni\u010darske umjetnosti","robots":{"index":"index","follow":"follow","max-snippet":"max-snippet:-1","max-image-preview":"max-image-preview:large","max-video-preview":"max-video-preview:-1"},"canonical":"https:\/\/iluzionist.com\/","og_locale":"hr_HR","og_type":"article","og_title":"Zagreb Magic Event 2014","og_description":"Zagreb Magic Event odr\u017ean je 9. o\u017eujka u Zagrebu s ciljem promid\u017ebe i popularizacije ma\u0111ioni\u010darske umjetnosti","og_url":"https:\/\/iluzionist.com\/","og_site_name":"Zagreb Magic Event","article_modified_time":"2025-09-14T10:57:22+00:00","og_image":[{"width":1024,"height":1024,"url":"https:\/\/iluzionist.com\/wp-content\/uploads\/2023\/08\/Logo.webp","type":"image\/webp"}],"schema":{"@context":"https:\/\/schema.org","@graph":[{"@type":"WebPage","@id":"https:\/\/iluzionist.com\/","url":"https:\/\/iluzionist.com\/","name":"Zagreb Magic Event 2014 - Zagreb Magic Event","isPartOf":{"@id":"https:\/\/iluzionist.com\/#website"},"datePublished":"2023-08-01T09:03:29+00:00","dateModified":"2025-09-14T10:57:22+00:00","description":"Zagreb Magic Event odr\u017ean je 9. o\u017eujka u Zagrebu s ciljem promid\u017ebe i popularizacije ma\u0111ioni\u010darske umjetnosti","breadcrumb":{"@id":"https:\/\/iluzionist.com\/#breadcrumb"},"inLanguage":"hr","potentialAction":[{"@type":"ReadAction","target":["https:\/\/iluzionist.com\/"]}]},{"@type":"BreadcrumbList","@id":"https:\/\/iluzionist.com\/#breadcrumb","itemListElement":[{"@type":"ListItem","position":1,"name":"Home","item":"https:\/\/iluzionist.com\/"},{"@type":"ListItem","position":2,"name":"Zagreb Magic Event 2014"}]},{"@type":"WebSite","@id":"https:\/\/iluzionist.com\/#website","url":"https:\/\/iluzionist.com\/","name":"Zagreb Magic Event","description":"Magic Weekend in Zagreb 2014","publisher":{"@id":"https:\/\/iluzionist.com\/#\/schema\/person\/fd9304aa85bdf1a9f30c9b3f56579795"},"potentialAction":[{"@type":"SearchAction","target":{"@type":"EntryPoint","urlTemplate":"https:\/\/iluzionist.com\/?s={search_term_string}"},"query-input":"required name=search_term_string"}],"inLanguage":"hr"},{"@type":["Person","Organization"],"@id":"https:\/\/iluzionist.com\/#\/schema\/person\/fd9304aa85bdf1a9f30c9b3f56579795","name":"ZagrebMagicEvent2014","image":{"@type":"ImageObject","inLanguage":"hr","@id":"https:\/\/iluzionist.com\/#\/schema\/person\/image\/","url":"https:\/\/iluzionist.com\/wp-content\/uploads\/2023\/08\/Logo.webp","contentUrl":"https:\/\/iluzionist.com\/wp-content\/uploads\/2023\/08\/Logo.webp","width":1024,"height":1024,"caption":"ZagrebMagicEvent2014"},"logo":{"@id":"https:\/\/iluzionist.com\/#\/schema\/person\/image\/"},"sameAs":["https:\/\/iluzionist.com"]}]}},"_links":{"self":[{"href":"https:\/\/iluzionist.com\/index.php\/wp-json\/wp\/v2\/pages\/31","targetHints":{"allow":["GET"]}}],"collection":[{"href":"https:\/\/iluzionist.com\/index.php\/wp-json\/wp\/v2\/pages"}],"about":[{"href":"https:\/\/iluzionist.com\/index.php\/wp-json\/wp\/v2\/types\/page"}],"author":[{"embeddable":true,"href":"https:\/\/iluzionist.com\/index.php\/wp-json\/wp\/v2\/users\/1"}],"replies":[{"embeddable":true,"href":"https:\/\/iluzionist.com\/index.php\/wp-json\/wp\/v2\/comments?post=31"}],"version-history":[{"count":21,"href":"https:\/\/iluzionist.com\/index.php\/wp-json\/wp\/v2\/pages\/31\/revisions"}],"predecessor-version":[{"id":256,"href":"https:\/\/iluzionist.com\/index.php\/wp-json\/wp\/v2\/pages\/31\/revisions\/256"}],"wp:featuredmedia":[{"embeddable":true,"href":"https:\/\/iluzionist.com\/index.php\/wp-json\/wp\/v2\/media\/9"}],"wp:attachment":[{"href":"https:\/\/iluzionist.com\/index.php\/wp-json\/wp\/v2\/media?parent=31"}],"curies":[{"name":"wp","href":"https:\/\/api.w.org\/{rel}","templated":true}]}}